eds digit of b?
4
Let i(x) = 415*x**2 + 98*x - 38. What is the thousands digit of i(-10)?
0
Let i be (-1 + -289)*10/(-4). Let p(s) = -2*s**2 - 103*s + 337. Let r be p(3). Suppose 175 = r*f - i. What is the tens digit of f?
9
Let c(m) = 115*m + 30. Let q be c(-1). Let x = 169 - q. What is the hundreds digit of x?
2
Let b(p) = p**3 - 8*p**2 + 21*p - 8. Let c be b(10). Suppose 7*g + 3*f - c = 4*g, 3*f + 662 = 5*g. What is the hundreds digit of g?
1
Let d(j) be the first derivative of -20*j**3/3 + 209*j**2/2 - j + 12. What is the tens digit of d(10)?
8
Suppose 31*y + 10 = 506. Suppose 11*f - y*f + 4555 = 0. What is the hundreds digit of f?
9
Suppose -20*u - 7422 + 71602 = 0. What is the hundreds digit of u?
2
Let n = -686 + 689. Suppose -62*g + 2*q + 5048 = -57*g, 3*q - 3012 = -n*g. What is the thousands digit of g?
1
Let q = -17148 - -30187. What is the units digit of q?
9
Suppose 0 = 2*g + 6 - 10. Suppose 0 = -g*r + 4, r - 21 = -5*o - 4. Suppose -o*w = -0*w, -5*m - 4*w = -15. What is the units digit of m?
3
Let n(b) = -b - 4. Let a be n(-13). Let k(h) = h**2 - 6*h - 27. Let w(m) = -2*m**2 + 13*m + 55. Let l(z) = a*k(z) + 4*w(z). What is the units digit of l(11)?
6
Suppose 0 = 4*h - 4*m - 49572, 3*h + m = 27360 + 9803. What is the thousands digit of h?
2
Let b = -406 + 232. What is the units digit of (-5)/(25/80)*b/4?
6
Suppose 0 = 5*z + 7*z - 3576. Let a = -103 + z. What is the units digit of a?
5
Suppose 26*y - 60 = 21*y. Let i be y/(-18) + (-86)/(-3). What is the tens digit of ((-177)/(-12))/((i/48)/7)?
7
Let s be (4 - 105/28)*12. Suppose s*z + 15 = 0, 5*d - 6*z - 3485 = -10*z. What is the tens digit of d?
0
Let c be (-2)/4*2 - -119. Let m = -124 + c. What is the tens digit of 9710/60 + (1/m)/(-1)?
6
Suppose -350291 + 598216 = 49*r - 621580. What is the tens digit of r?
4
Let a = -64 + 64. Let q(i) = i**3 + 2*i**2 + i + 2. Let b be q(a). Suppose 105 = b*f - 4*k + 19, 2*f - 101 = -k. What is the units digit of f?
9
Suppose -4*w - 3782 = -5*f, 2*f - 523 = -3*w + 976. Let j = -539 + f. What is the tens digit of j?
1
Suppose -2*k - 3397 = -h, 10161 = 3*h + 2*k + 2*k. Suppose 14*b = h + 7011. What is the tens digit of b?
4
Let c(s) = 36*s - 183. Suppose -8*d + 174 + 106 = 0. What is the units digit of c(d)?
7
Let m = -8733 + 20596. What is the tens digit of m?
6
Suppose 1060 = 17*j - 16263. Let k = -96 + j. What is the hundreds digit of k?
9
Suppose -23*i = -19*i - 16. Let z be -1*((-4)/i + 2). What is the tens digit of (-177)/z - ((-8)/(-4) - 3)?
7
Let u = 46768 + -29004. What is the thousands digit of u?
7
Suppose 7*f + 32*f + 17*f - 527912 = 0. What is the hundreds digit of f?
4
Let p(j) = 5*j**2 + 2*j - 5*j - 15*j**3 - 34 + 31. What is the hundreds digit of p(-3)?
4
Let g(i) = 6*i + 186. Let d be g(-34). What is the hundreds digit of 1 + 22/d + 24312/54?
4
Let y = 609 + -422. Let t = 1214 - y. What is the hundreds digit of t?
0
Let m(d) = -10*d**3 + 29*d**2 + 164*d - 26. What is the hundreds digit of m(-8)?
6
Suppose 0 = -7*h + 20*h + 78. Let m = h + 8. Suppose r + 596 = 6*r + s, m*s + 593 = 5*r. What is the tens digit of r?
1
Let z = 43876 - 12182. What is the units digit of z?
4
Suppose -q - 15*g + 16*g = -4241, 11*g = 5*q - 21199. What is the thousands digit of q?
4
Suppose 3*j + 36*d - 35*d - 3667 = 0, 2*j + 5*d = 2449. What is the thousands digit of j?
1
Suppose 2*p + 11 = -2*d + 25, 3*d + p - 11 = 0. Suppose -d*a - 5*q + 6*q = -3651, -2*a - 2*q + 3648 = 0. What is the hundreds digit of a?
8
Let s = -50 + 50. Suppose 2*u - 7*u = s. Suppose 3*z - 399 = -u*z. What is the hundreds digit of z?
1
What is the tens digit of (3*(-2)/(-36)*6)/(4/75964)?
9
Let o(h) = -8*h**2 - 17*h - 4 + 7*h**2 - 18. Let i be o(-16). Let b(q) = -10*q - 3. What is the units digit of b(i)?
7
Let u = 95 + -93. Suppose 2*h + 8 + u = n, -14 = -2*n + 2*h. What is the units digit of n?
4
What is the hundreds digit of (-4)/(-6)*((-161104 + -1)/(-7) + -2)?
3
Let b(s) = -25*s. Let c be b(-1). What is the units digit of (c/(-45)*6)/(2/(-180))?
0
Suppose 57 = 8*v - 8407. Suppose -v - 622 = -10*f. What is the tens digit of f?
6
Let l(x) = -x**2 - x + 2. Suppose -1 + 1 = 4*f. Let s be l(f). Suppose -2*h = -3*u + 4, 0 = 2*u + s*u + 5*h - 13. What is the units digit of u?
2
Suppose -32284 = -4*s + 3*r, 3*s + 2*r - 20569 = 3627. What is the units digit of s?
8
Suppose -13*a - 2900 = -3888. What is the tens digit of a?
7
Suppose -w = 405 - 269. Let i be (28/35)/(2/130). Let x = i - w. What is the units digit of x?
8
Let a(q) = q**3 + 13*q**2 - 18*q - 19. Let s be a(-14). Suppose -33*k + s*k = 2116. Suppose k = 5*h - 221. What is the hundreds digit of h?
1
Let z(h) = 0*h - 3*h + 0*h + 6*h - 17. Let m be z(8). Suppose 0 = -11*y + m*y + 80. What is the tens digit of y?
2
Let w(k) be the second derivative of -k**3/2 - 13*k**2/2 - 10*k. Let s be w(-6). What is the tens digit of (-148)/(-4) - (-1 + s)?
3
Let x(d) be the second derivative of 50*d**3/3 - 25*d**2/2 - 82*d. What is the tens digit of x(5)?
7
Suppose 4*s - 65 - 83 = 3*c, 3*c = s - 37. Suppose -39*m + s*m = -266. What is the tens digit of m?
3
Suppose -1 = 3*h + 5. Let k be -15*2*h/12. Suppose -k*i + i = -368. What is the units digit of i?
2
Let o(m) = -11*m - 20. Let d(t) = -32*t - 60. Let c(j) = 6*d(j) - 17*o(j). Let n be c(14). What is the tens digit of (-7940)/n - 4/18?
8
Let b(s) be the first derivative of s**4/4 - 8*s**3/3 + 13*s**2/2 - 12. Let o(c) be the second derivative of b(c). What is the units digit of o(10)?
4
Suppose l = 3*m + 5177, 3*l - 10052 - 5469 = -m. What is the hundreds digit of l?
1
Suppose -6*k - 761 + 4949 = 0. Suppose -2*c + k + 638 = 0. What is the hundreds digit of c?
6
Suppose 2*q = -5*s + 102093, -87593 - 14503 = -5*s + q. What is the units digit of s?
9
Let g(x) = -2*x + 3*x**3 - 1 + 4*x**2 - x**2 + 0*x + x**3. Let z be g(-3). Let k = -23 - z. What is the tens digit of k?
5
Let t = -179 + 167. Let h = t + 229. What is the tens digit of h?
1
Suppose -3 + 0 = 3*g - 3*t, 3*t - 3 = 0. Suppose g = -3*k - 104 - 10. Let i = k + 119. What is the tens digit of i?
8
Let m(i) = 6*i - 13. Let g(f) = 5*f - 13. Let v(u) = 3*g(u) - 4*m(u). Let z be v(-21). Let s = z + -44. What is the units digit of s?
8
Suppose 35 = 5*l - 5*n, -3*l + 26 = -0*l - 4*n. What is the units digit of ((-1078)/(-44))/(1/20*l)?
5
Let d = -1 - -3. Suppose 3*k + v - 129 - 170 = 0, -d*k = -5*v - 171. Let u = k + -37. What is the units digit of u?
1
Let n = 15044 - 4013. What is the hundreds digit of n?
0
Let q(u) = 92*u**2 - 265*u + 5. What is the hundreds digit of q(-6)?
9
Let y(r) = 5*r + 3. Let z be y(22). Let f = 43 + z. What is the units digit of f?
6
Let w(g) = 1471*g - 159. What is the hundreds digit of w(16)?
3
Let z(p) = -21*p + 65. Let w be z(3). Suppose 0 = 4*k + 5*v - 1093, 2*v = -4*k - w*v + 1096. What is the hundreds digit of k?
2
Let i be 1/((-3)/36*-1). Suppose i*s + 1235 = 17*s. What is the tens digit of s?
4
Let c be (-9)/6 + (-2)/4. What is the units digit of 2 + c/6 + (-2)/(-6)?
2
Suppose -8*i + 3*i + r + 89 = 0, -3*r - 29 = -i. Suppose 3*s - 3*j = s + i, j = -3. Suppose 6*m - s*m = 156. What is the tens digit of m?
7
Let k(j) = 59*j**2 - 6*j + 182. What is the units digit of k(11)?
5
What is the hundreds digit of (736/(-483))/(-16) + (-231565)/(-21)?
0
What is the ten thousands digit of -6 + (-74966*(-45)/70 - (-69)/(-161))?
4
What is the units digit of (-45)/(-40) - (-3740781)/88?
0
Suppose 2*f + 171 = -f. Suppose -145 = 5*t + 5*w, -5*t = -8*t - 4*w - 89. Let v = t - f. What is the tens digit of v?
3
Let z = -14 - -10. Let j(q) be the third derivative of q**6/120 + 2*q**5/15 + q**4/3 + 5*q**3/3 + 13*q**2 - 2. What is the tens digit of j(z)?
4
Let g be 3 + 2*(35/10)/1. What is the tens digit of g/15 + (-1054)/(-3)?
5
What is the thousands digit of 6134*(6/(-7))/(100/(-525))?
7
Suppose 26013 = 2*q - 5*l, -3*q + 4*l + 36721 = -2302. What is the hundreds digit of q?
0
Suppose -8 = 4*d + 5*z, -3*d + 5 = 13*z - 12*z. Suppose -d*i = -2*k - 591 - 565, 3*i + 3*k = 1176. What is the hundreds digit of i?
3
Let i(c) = -10*c + 35. Let b be i(3). Suppose -51 = -b*k + 354. What is the units digit of k?
1
Suppose 0 = 5*m - 5*v - 11490, 2*v + 0*v = 8. Suppose 11128 = 17*b - m. What is the tens digit of b?
9
Let j(m) = m**3 - 12*m*